 0. What is the remainder when 76 is divided by d?
36
Let u(x) = -41*x - 1. What is the remainder when u(-1) is divided by 21?
19
Let a be 0 + (0 - 1/1). Let d be 2 + (a - 3) + 2. Suppose -6 - 6 = -3*k, -5*v + 3*k + 103 = d. What is the remainder when v is divided by 12?
11
Let m(b) = b**2 + 2*b - 7. Calculate the remainder when 49 is divided by m(-6).
15
Suppose 0 = -2*u + 33 - 7. Suppose -l + 5*f = 7, -2*l + 3*f - 2*f + u = 0. Suppose 3*d + 6 = 5*d. Calculate the remainder when l is divided by d.
2
Let w(l) = 2*l - 3. What is the remainder when 18 is divided by w(5)?
4
Let w(b) = b**3 + 10*b**2 - 14*b + 15. Let t be w(-11). Let d be ((-9)/12)/((-3)/t). Let m = d - 8. Calculate the remainder when 7 is divided by m.
3
Let l = 1 - -1. Suppose 0*g = -2*g + l*a + 54, 0 = -5*g + 4*a + 135. Suppose 0*c + 2*c = 5*x - g, -4*c + 23 = x. What is the remainder when 27 is divided by x?
6
Suppose -10*w - 18 = -12*w. Calculate the remainder when 16 is divided by w.
7
Suppose -4*n + 9*n - 50 = 0. Suppose -l = -7 - n. Suppose -2*o + 3*r - 2 + 20 = 0, 0 = 5*o + 2*r - 45. Calculate the remainder when l is divided by o.
8
Let m(f) = f**3 + 2*f**2 - 3*f + 2. Let h be m(-3). Let v = h - 1. Calculate the remainder when 7 is divided by (1 - v) + 6 + -2.
3
Let r = 19 - 19. What is the remainder when 29 is divided by ((r - -3) + -11)*-1?
5
Let v(o) = 2*o - 3. What is the remainder when 38 is divided by v(12)?
17
Suppose -o - c - 12 = 4*c, 5*o - 5*c = 30. What is the remainder when 11 is divided by o?
2
Suppose 3*d + 11 = 44. Let f(u) = u**2 + u. Suppose -2*k = -5*o - 38, -2*o + 2*k + 2*k - 28 = 0. What is the remainder when f(o) is divided by d?
8
Suppose 3*f - 4*f = -70. Suppose -2*o + 4*y + 28 = 0, 4*y - f = -5*o - 0*y. What is the remainder when 27 is divided by o?
13
Calculate the remainder when (-2349)/(-116) + (7/4 - 1) is divided by 8.
5
Suppose -2*o = -2*j + 5*j - 54, -o + 1 = -5*j. Let z = o - 30. Let q = 18 + z. Calculate the remainder when 17 is divided by q.
8
Suppose 4*q = 5*s + 89, -5*q - 5*s + 52 = -3. Calculate the remainder when 27 is divided by q.
11
Suppose -2*g - 12 = 6. Suppose -3*s - 2*s = -3*z + 55, 4*s = -z + 7. Let q = z + g. What is the remainder when 16 is divided by q?
4
Suppose 0 = -2*t + t + 5. Suppose -7*x + t*x + 12 = 0. Calculate the remainder when 21 is divided by x.
3
Let v(h) = -5*h + 3. Let r(d) = -d. Let u(g) = -r(g) - v(g). Calculate the remainder when 24 is divided by u(2).
6
Let t(l) = -l**3 - 4*l**2 - l + 2. Calculate the remainder when t(-4) is divided by 2 - ((-4)/4 - 1).
2
Suppose 5*y = -0*y + 55. Calculate the remainder when y is divided by 7.
4
Let l(y) = 3*y**2 + 7*y + 6. Let s be l(-5). Suppose 2*t + 0*t = s. Calculate the remainder when 67 is divided by t.
21
Let p(g) = -7*g - 4. Let o(t) = -8*t - 5. Let k(w) = -6*o(w) + 7*p(w). What is the remainder when k(-6) is divided by 6?
2
Let x = -5 - -51. Calculate the remainder when x is divided by 16.
14
Let d = 27 + -23. Suppose -13 = -5*f + 2. Suppose -2*x = f*x - 30. Calculate the remainder when x is divided by d.
2
Let t = 45 - 30. What is the remainder when t is divided by 9?
6
What is the remainder when (5/10)/((-2)/(-120)) is divided by 11?
8
Let r = -60 - -144. Calculate the remainder when r is divided by 22.
18
Let h(c) = 2*c - 42. Let k(u) = -3*u + 84. Let w(q) = 5*h(q) + 3*k(q). Suppose n - 11 = 4. Calculate the remainder when w(0) is divided by n.
12
Let i be (4/10)/(3/30). Suppose 0 = -3*w + k + 5, -2*w = -0*w + i*k + 6. Calculate the remainder when ((-2)/1 - w) + 21 is divided by 10.
8
Suppose 4*d + 0*d - 132 = 0. Let l be ((-4)/(-10))/((-6)/180). What is the remainder when d is divided by 16 + -2 - l/4?
16
Calculate the remainder when 66 is divided by ((-1)/2*34)/(-1).
15
Suppose 2*y + y + 2*x = 97, -4*y + 2*x + 148 = 0. Calculate the remainder when y is divided by 13.
9
Suppose -3 + 21 = 2*i. Suppose z - 1 = p, 0 = -2*z - 5*p + 5 + 25. Suppose -2*u + 56 = 4*a, 4*u + 3 = -z*a + 67. What is the remainder when a is divided by i?
7
Let z be 4 - (1 + 1 + 11). Let y = z - -23. What is the remainder when 27 is divided by y?
13
Let k(r) = -r**2 - 11*r - 9. Suppose -b - 9 = -2. Let t(i) = -2*i - 4. Calculate the remainder when k(b) is divided by t(-7).
9
Let h be 1*-4*7/4. Let b(n) = n**2 - 6*n + 9. Calculate the remainder when ((-34)/6)/(h/21) is divided by b(6).
8
Let d = 11 - 9. Calculate the remainder when 8 is divided by d.
0
Let l(i) = -40*i - 2. What is the remainder when l(-1) is divided by 15?
8
Let p be (3/12)/((-2)/(-8)). Let m be 41 - (-2 - p*-2). Suppose -5*q + 205 = -0*i + 4*i, -q + i = -m. What is the remainder when q is divided by 11?
8
Suppose -v + 2*v - 25 = 0. Calculate the remainder when v is divided by 9.
7
Let k = 1 - 10. Let y = 24 + k. Calculate the remainder when 27 is divided by y.
12
Let w(b) = -3*b - 7. Let v be w(-6). Let m = -1 + v. Calculate the remainder when 59 is divided by m.
9
Suppose -v = -2*v - 2. Let o be 53 + v*1*1. Let a = o + -26. What is the remainder when a is divided by 9?
7
Let g be (-24)/(2/(8/(-3))). Suppose -5*c + g = -48. Calculate the remainder when c is divided by 6.
4
Suppose 0 = 2*w - 2*k - 5 - 19, 2*w = -k + 21. Suppose -2*g = 2*f - 42, 9 = f - 5*g - 0*g. Calculate the remainder when f is divided by w.
8
Calculate the remainder when 84 is divided by ((-3354)/(-117))/((-4)/(-6)).
41
Let r(t) = 5*t + t + 0 + 3 - 1 + t**2. What is the remainder when 3 is divided by r(-6)?
1
Let j = -4 - -6. Suppose 3*x - 100 = -j*x. What is the remainder when 59 is divided by x?
19
Let v = -111 + 169. What is the remainder when v is divided by 15?
13
Suppose -5*h + 36 = -59. What is the remainder when 37 is divided by h?
18
Calculate the remainder when 35 is divided by -4 - (-2256)/102 - (-2)/(-17).
17
Let z(n) = -4*n**3 + n + 1. Let k be z(-1). Suppose 4*c - 20 = u, -2*c + 5 + 5 = k*u. Calculate the remainder when 34 is divided by ((-12)/c)/(2/(-10)).
10
Suppose -5*p + 4*a + 182 = -55, p - 60 = 5*a. Calculate the remainder when 178 is divided by p.
43
Suppose 0 = 4*t + 2*t - 90. Let q(k) = k**2 - 2. Let f be q(2). What is the remainder when (174/(-4))/(-3)*f is divided by t?
14
Let o = 41 + -29. Suppose -34 = -3*v - 5*y, -23 = -4*v + 2*y + 5. Calculate the remainder when o is divided by (-28)/(-6)*12/v.
5
Suppose -4*i - 18 = -2*y, 3*y - i - 15 = 2*i. What is the remainder when y is divided by 1?
0
Suppose 2*o + 3 = 61. Suppose n - 21 = -3*k - 2*n, 0 = 4*k + 3*n - o. Suppose 0*s - 2*s + k = 0. What is the remainder when 6 is divided by s?
2
Suppose 5*g - 10 = -0*g. Calculate the remainder when -1 - -1 - 10/(-2) is divided by (6/g)/(3 + -2).
2
Let d(s) = 2*s. Let q(r) be the second derivative of 4*r**3/3 - 3*r. Let w(m) = -9*d(m) + 2*q(m). Calculate the remainder when 21 is divided by w(-6).
9
Let u = -4 - -5. Suppose -2*p + u = -19. What is the remainder when p is divided by 6?
4
Let d = 56 + -36. Suppose a - d = -3. Suppose 15 + 15 = 3*o. What is the remainder when a is divided by o?
7
Let i be ((-8)/(-5))/((-4)/(-130)). Suppose s = 5*s - i. Suppose -44 = 8*b - 236. Calculate the remainder when b is divided by s.
11
Calculate the remainder when 155 is divided by 8*10/(2 + 0).
35
Let t = 20 + -11. Let r = 6 - -4. Calculate the remainder when 508/20 - 4/r is divided by t.
7
Suppose -p + 5*h = -113 + 25, 4*h + 304 = 4*p. What is the remainder when p is divided by 25?
23
Suppose 11*b = 5*b + 288. What is the remainder when b is divided by 13?
9
What is the remainder when 69 is divided by (1 - (4 + -1))/(3/(-27))?
15
Suppose 0 = -3*t + 2*t. Let m = t + 3. Let y(s) = -s**2 + 9*s + 8. Calculate the remainder when y(9) is divided by m.
2
Suppose -3*j + 2*w - 471 = -8*j, 0 = 3*j - 2*w - 273. Calculate the remainder when j is divided by 19.
17
Let a(u) = -7*u**2 + 8*u + 10. Let y(s) = 0*s + s + 14*s + 19 - 13*s**2. Let v(h) = 11*a(h) - 6*y(h). Calculate the remainder when 58 is divided by v(-4).
18
Let g = 14 - -14. Calculate the remainder when 110 is divided by g.
26
Let o(k) = -10*k. Let l = 95 + -62. What is the remainder when o(-4) is divided by -2*l/(-6) + 3?
12
Let u(f) = -f**3 - 6*f**2 + 5*f - 7. Let h be -2 + (27/(-3))/3. Let y be u(h). Calculate the remainder when 32 is divided by 2*(-1 + y/(-6)).
15
Suppose -53 = -3*i - 2*i + 